*b + 26, -n - 3*b = 4*n - 130. Suppose j = -3*j + 200. Calculate the remainder when j is divided by n.
24
Suppose -344 = -5*r - 59. Calculate the remainder when r is divided by 12.
9
Suppose -s - 309 = -4*s. Suppose -179 - s = -6*i. What is the remainder when i is divided by 24?
23
Let o be (-10)/(-15) + (-192)/(-9). Suppose 3*p = 2*q - o, 0 = 3*q + 3*p + p + 1. Calculate the remainder when 24 is divided by q.
4
Suppose 6*o - 13 = 41. Let q = -2 - -3. What is the remainder when 26*(q - (-1 - -1)) is divided by o?
8
Suppose -3*q + 16 = 4. Calculate the remainder when 34 is divided by 1*(3 + q) - -2.
7
Let b = -40 - -68. Let h = 6 - -9. Let k = b - h. Calculate the remainder when 38 is divided by k.
12
Let s = 65 - 34. What is the remainder when s is divided by 17?
14
Suppose 5*r - 259 = 7*y - 3*y, -4*y = 4. What is the remainder when r is divided by 27?
24
Let i = -15 + 34. Suppose -25 = -4*x + i. Calculate the remainder when x is divided by 4.
3
Let b = 39 + -17. Suppose 0 = 3*u - d - b, -3*u = -2*u - d - 8. Calculate the remainder when 26 + 0/(1 + 0) is divided by u.
5
Suppose 456 = 6*l - 3*l. Calculate the remainder when l is divided by 17.
16
Suppose -z = 5*l - 25, 5*z + l - 3*l - 44 = 0. Suppose -30 - 24 = -3*x. What is the remainder when x is divided by z?
8
Let g(u) = u**2 - u. Suppose -p + 2 = p + 5*i, 4*p - 36 = -2*i. What is the remainder when g(-5) is divided by p?
8
Suppose 88 = 2*t + d + 3, -5*t = -d - 216. What is the remainder when t is divided by 15?
13
Suppose -5*q = 3*t - 320, q - 6*q + 350 = -3*t. Calculate the remainder when q is divided by 17.
16
Let o(u) = 3*u + 1. Let z be o(5). Let d = 26 - z. Let x(r) = r**3 - 8*r**2 + 9*r - 8. What is the remainder when d is divided by x(7)?
4
Let t = -11 - -30. What is the remainder when t is divided by 10?
9
Let z(r) = -6*r + 0*r + 3 + 3*r + 7*r**2. Calculate the remainder when z(2) is divided by 13.
12
What is the remainder when 10 is divided by (12/(-10))/(34/(-85))?
1
Suppose 1 = -q + 11. Suppose -3*v + q + 17 = 0. Calculate the remainder when 26 is divided by v.
8
Suppose -4*m + 12 = -48. What is the remainder when m is divided by 6?
3
Let f(v) = v**2. What is the remainder when 4 is divided by f(-1)?
0
Calculate the remainder when 20/15*(2 - 339/(-6)) is divided by 9.
6
Let o(b) = -b**2 - 15*b - 12. Calculate the remainder when 2 is divided by o(-14).
0
Let k(b) = -b + 11. Let x be k(4). Suppose 9*i - 36 = x*i. What is the remainder when i is divided by 7?
4
Suppose -204 = -9*p + 3*p. Calculate the remainder when 65 is divided by p.
31
Let u = 230 + -161. Calculate the remainder when u is divided by 18.
15
Let g = 58 + -38. Let i = -7 - -15. Calculate the remainder when ((-18)/8 + 3)*g is divided by i.
7
Let v(w) = -w**2 - 9*w + 2. Let r be v(-9). Suppose 0 = -n - 5*l - 11, -2*n = r*n - 4*l - 76. What is the remainder when ((-41)/(-2))/(1/2) is divided by n?
13
Calculate the remainder when 8/3*1845/30 is divided by 15.
14
Suppose -m + 6 = -0*m. Let q(d) be the first derivative of -d**4/4 + 8*d**3/3 - 4*d**2 - d - 5. What is the remainder when 68 is divided by q(m)?
22
Suppose -v = v - 80. Suppose 4*k = -3*o + 95 + 5, -2*k = 4*o - v. Calculate the remainder when k is divided by (15/2)/((-3)/(-4)).
8
Suppose 97 = 3*p + 4*z, -p = p - 2*z - 74. Calculate the remainder when p is divided by 12.
11
Let p = -334 - -472. Calculate the remainder when p is divided by 20.
18
Let d = 2 + 18. What is the remainder when d is divided by 6?
2
Let t = 42 + -13. Calculate the remainder when t is divided by 19.
10
Let l(m) = -m**2 - 9*m - 5. Let d be l(-4). Suppose 0 = i + g - 18, -2*i = g - 17 - d. Calculate the remainder when 25 is divided by i.
11
Let q(j) = -2*j**2 + 7 - 4*j + 2*j**2 - 2*j**2. Let w be q(-8). Let d = -64 - w. What is the remainder when d is divided by 9?
7
Let w = 0 - -1. Let z be w/((-50)/(-26) + -2). Let u = 18 + z. What is the remainder when 13 is divided by u?
3
Calculate the remainder when (-3 - -1)*45/(-10) is divided by 6.
3
Let c = 12 + -8. Suppose -16 = -c*m + 3*m. What is the remainder when m is divided by 9?
7
Let u be 2/(-5) - 44/(-10). Suppose 45 = 5*k + u*j, k + 45 = 6*k - 4*j. Let y = k - 2. Calculate the remainder when 12 is divided by y.
5
Suppose 5*w = 6 + 69. Calculate the remainder when w is divided by 7.
1
What is the remainder when 2 + 101 + (4 - 1) is divided by 37?
32
Suppose 109 + 76 = 5*h. Calculate the remainder when 147 is divided by h.
36
Let q(l) = 3 + 3 - 2 - 6*l**2 + l - l**3. Let c be q(-6). Calculate the remainder when 184/(-6)*3/c is divided by 16.
14
Let q = 7 + 0. Suppose -2*z + 0*z = 0. Suppose -1 = r, z*x - 3*x + q = 5*r. What is the remainder when 5 is divided by x?
1
Let k(q) = q**2 - 3*q + 2. Let g be (-10)/(-4)*2*1. Calculate the remainder when 34 is divided by k(g).
10
Suppose -5*l - 2*x - x + 70 = 0, 27 = l - 2*x. Calculate the remainder when 1421/(-58)*4/(-2*1) is divided by l.
15
Let c(k) = 17*k**2 + 2*k - 1. Calculate the remainder when c(1) is divided by 10.
8
Let c(a) = 2*a**3 - 2*a**2 - 1. Suppose 3*i - 53 = -i - 5*l, 5*i - 5*l - 55 = 0. What is the remainder when c(3) is divided by i?
11
Suppose -5*n - 1 = -2*x, 3*n - 66 = -3*x - 12. Suppose -x*s + 78 = -11*s. Calculate the remainder when s is divided by 10.
9
Suppose 2*b = 23 + 15. Suppose 12*f - 44 = 8*f. What is the remainder when b is divided by f?
8
Let h = 25 + -14. Let q(m) = 18*m - 6*m - 2*m + 23*m - 1. Calculate the remainder when q(1) is divided by h.
10
Suppose 0*k = 7*k - 28. What is the remainder when (-92)/(-3) + k/(-6) is divided by 17?
13
Suppose 0 = 2*h - 4*f - 54, -f - 22 = -h - 0*h. Suppose 4*k - 2*c - 5 = 9, -c - 13 = -5*k. Suppose 25 - 7 = k*z. What is the remainder when h is divided by z?
8
Suppose 2*n - 11 = n. Suppose 3*q = 2*q + n. What is the remainder when q is divided by ((-6)/5)/(9/(-30))?
3
Suppose -t + 35 = 4*t. Calculate the remainder when 55 is divided by t.
6
Let j = 15 + 13. Let c = 10 - 6. Let u = 11 + c. What is the remainder when j is divided by u?
13
Suppose 4*t - 154 = -y, -5*y - 4*t = t - 845. Calculate the remainder when y is divided by 35.
34
Let m(y) be the third derivative of 5*y**5/12 - y**4/24 + y**2. Let a(g) = -29*g - 220. Calculate the remainder when a(-10) is divided by m(1).
22
Suppose 2*d - 4 = 0, -n + d + 286 = 3*n. What is the remainder when n is divided by 38?
34
Let s = -5 - -12. Suppose 0 = -5*x + 7 - 57. Let f = s - x. Calculate the remainder when f is divided by 6.
5
Let y = 23 - 8. What is the remainder when y is divided by 8?
7
Suppose -2*p + p = -3. Suppose s - 5 = -3*h - 0*h, 0 = -h - p. What is the remainder when s is divided by 9?
5
Suppose 10 = 11*t - 23. What is the remainder when 5 is divided by t?
2
Let f = 56 + -9. Suppose -2*h - 3*w + f = 0, -3*h = -h + 5*w - 53. Let c(q) = 3*q**2 + 3*q + 1. What is the remainder when h is divided by c(-2)?
5
Let d be ((-1)/(-1))/((-2)/(-36)). Suppose -2*j = j + d. What is the remainder when 51/2 + j/(-12) is divided by 14?
12
Suppose 4*j - j = 51. Suppose -j = -3*s + 7. Calculate the remainder when 15 is divided by s.
7
Let w(h) = 21*h**2 + 2*h - 1. Calculate the remainder when w(1) is divided by 13.
9
Let h(o) = 2*o. Let l be h(1). Suppose l*u = u + 15. Let r(x) = x**3 + 8*x**2 + x - 13. Calculate the remainder when r(-5) is divided by u.
12
Let f(c) = -3*c - 4. Let a(l) = 8*l. Let k be a(1). Let m(v) = 4*v - 5. Calculate the remainder when m(k) is divided by f(-6).
13
Let v = -2 - -7. Suppose 0 = 4*p, -3*p = -5*m + 105 - v. Let j(y) = -y**3 + 6*y**2 + 2*y - 1. Calculate the remainder when m is divided by j(6).
9
Suppose 38 = j - 0*j + 3*q, -2*q + 10 = 0. What is the remainder when 66 is divided by j?
20
Let y be (-136)/6*(-6)/4. Let z = y + -24. Suppose 4*i = -5*k + 111, i - k + 7 = 37. What is the remainder when i is divided by z?
9
Suppose 0 = j + 4*x + x - 24, -3*x + 16 = j. Suppose -7*k = -j*k - 45. Calculate the remainder when 28 is divided by k.
13
Let p(b) = b**2 + 6*b - 9. Suppose 23 - 7 = -2*v. What is the remainder when 11 is divided by p(v)?
4
Suppose 0 = 3*a - 9 - 15. Let u = a - 2. Calculate the remainder when 15 is divided by u.
3
Let p(r) = r**2 + 3*r + 7. Let z = 8 - 13. Suppose 0 = -2*q - 5*n + 2*n + 89, -15 = 5*n. What is the remainder when q is d